*2 + 9*p + 5 - 4*p**3 + 39*p**2 - 22*p**2. Give k(v).
-5
Suppose -183*f - 6922 = -5641. Let x(t) be the first derivative of t**5/60 + 5*t**4/24 + t**3 - t**2 + 2. Let g(n) be the second derivative of x(n). Give g(f).
20
Let q(l) = 2*l**3 - 4*l**2 - 2*l + 3. Suppose 3*d - 1714 = 3*t - 1717, 0 = -5*t + 20. Determine q(d).
15
Suppose q - 9 = -3*u - 5, -2*u = 2*q - 12. Let o(z) = -4*z**2 + 11*z**2 - 2*z**3 - 4*z**3 + 7*z**3 + 2 + q. Calculate o(-7).
9
Suppose 26*g = -37*g. Let i(x) be the third derivative of 0*x**3 + g*x**4 + 18*x**2 - 7/60*x**5 + 0 + 0*x. Calculate i(1).
-7
Let m(c) be the second derivative of -c**4/12 + 23*c**3/6 + 75*c**2/2 + 2*c - 356. Give m(26).
-3
Suppose 57340*k = 57330*k + 30. Let h(q) be the second derivative of 0 + 1/6*q**3 + 47*q - k*q**2. What is h(-8)?
-14
Let c = -269 + 272. Let z(b) = 20*b**2 - 4*b**2 - c*b**2 - 12*b**2 + 17 - 16*b. Determine z(15).
2
Let m(d) = d**2 - 24*d + 27. Suppose -15*j = -17*j - 15*j + 391. Give m(j).
4
Suppose 15*a + 2*a + 153 = 0. Let n(l) = 3*l**2 - 11*l**2 + 4*l - 21 + 2*l + 7*l**2 + 2*l**2. What is n(a)?
6
Let g(j) = -35*j**2 - 109*j - 101. Let v(k) = 11*k**2 + 35*k + 33. Let s(d) = 6*g(d) + 19*v(d). What is s(-2)?
-5
Let q(c) = 11*c + 19. Suppose 51*z + 76 = 25. Calculate q(z).
8
Let c(y) = -3*y + 2. Let w(x) = 2*x - 6. Let g(m) = 3*c(m) + 5*w(m). What is g(8)?
-16
Let c(m) = 42*m - 6*m + 17 + 11 - 14. Let l(t) = -7*t - 3. Let w(x) = 6*c(x) + 28*l(x). Give w(-1).
-20
Let k be (-70)/(-15)*((-957)/174 + 5/2). Let t(r) = -16*r - 229. Give t(k).
-5
Let d(i) be the third derivative of 1/12*i**4 + 3/2*i**3 + 3 - 144*i**2 + 0*i. Let c = -21 + 13. Calculate d(c).
-7
Let n be (-20 - -15) + (-39)/(-6). Let d(y) be the first derivative of -2*y - 1/4*y**4 + n*y**2 + 4/3*y**3 - 12. Give d(4).
10
Let k = -109 + 122. Let h(w) = -w**2 - 75 + 80 + k*w - 3*w. Give h(11).
-6
Let d(g) be the first derivative of -1/3*g**3 + 3*g - g**2 - 42. What is d(3)?
-12
Suppose u + 3*r - 2 = -0*r, -4*u + 3*r + 8 = 0. Let v(j) = 10*j**3 - 8*j**3 - 9 - 3*j**3 + 7*j + 6*j**u + 1 + 0. Give v(7).
-8
Let g(t) = 24*t**3 - 3*t**3 + 1 - 31*t**3 + 11*t**3 - 2*t**2. What is g(2)?
1
Let p(t) = t**2 + 6*t - 11. Let h be p(7). Let a = -31 + h. Let z(o) = -95*o + 1 + a*o + 41*o + 3 - o**2. Give z(-4).
8
Let o(m) be the first derivative of -m + 11 + 5/2*m**2. Calculate o(-1).
-6
Let u = -74 + 77. Suppose 0 = u*a + 8 + 13. Let l(r) = -r**2 - 4*r + 6. Calculate l(a).
-15
Suppose 4*v + 94 = 6*v. Let y = 56 - 105. Let g = y + v. Let a(d) = -6*d - 3. Give a(g).
9
Suppose 1048 = -0*o - 4*o. Let r = 267 + o. Let q(a) = -a**2 + 8*a - 14. What is q(r)?
1
Let t(w) = 4*w**3 + 2*w**2 - 11. Let q(c) = -9 - 6*c - 13 - 20. Let d be q(-6). Let i(u) = -5*u**3 - u**2 + 12. Let x(h) = d*t(h) - 5*i(h). Calculate x(7).
6
Let a(y) = -2*y**3 + 16*y**2 - 31*y + 1. Let o be a(3). Let u(n) = -9*n**2 + n + 10. What is u(o)?
-28
Let t(v) = -2 + 9*v + 9 + 7 - v**2. Let n be (-512)/(-84) - -4 - 74/777. Give t(n).
4
Suppose -5*h = -542 + 537. Let i(a) = -9*a - 9. Let n(w) = 28*w + 25. Let k(c) = -11*i(c) - 4*n(c). What is k(h)?
-14
Suppose -3*h + 3*n = -216, -2*h - n = -61 - 71. Let k(m) = -m - h + 37 + 37. What is k(9)?
-3
Let m = 11 + -8. Let o(n) = -8*n**3 - 28*n**2 - 359*n + 19. Let q(l) = -l**3 - 4*l**2 - 48*l + 3. Let h(v) = 2*o(v) - 15*q(v). Give h(m).
8
Let a(c) be the first derivative of -c**7/840 + c**4 + 13*c**3/3 - 48. Let n(h) be the third derivative of a(h). What is n(0)?
24
Let t(c) = 57*c + 1. Suppose 2*d - 10 = -4*r, 5*r - 16 = -d - 5. Give t(d).
58
Suppose 0 = 17*r - 20*r + 4*k + 17, 5*r = -4*k + 39. Let x(n) = 2*n**3 - 13*n**2 - 5*n - 11. Give x(r).
3
Let u(j) be the third derivative of -j**6/120 - 13*j**5/60 - 2*j**4/3 - 17*j**3/6 + 2142*j**2. Give u(-12).
31
Let h(a) = -2*a. Let s(f) = f**2 + 20*f + 1. Let z(q) = -14*h(q) - 2*s(q). Let w(c) = 3*c**2 + 14*c + 3. Let m(l) = -3*w(l) - 4*z(l). What is m(7)?
-8
Suppose -f + 12 = 2*g - 1, 0 = -2*g + 10. Let d(n) = -65*n + f - 2 - 51*n + 113*n. Give d(-3).
10
Let n(t) = -t**2 + 7*t + 14. Let c = 4961 - 4952. Determine n(c).
-4
Let o(i) = -5*i + 1. Let f be o(-1). Let t(r) be the second derivative of -r**4/6 + 3*r**3/2 + 13*r**2/2 + 4470*r. Determine t(f).
-5
Let x(m) = m**2 + 9*m + 2. Let s be 16/(-24) - 17/(-3). Let q be (9 - s)/((-2)/4). Calculate x(q).
-6
Let x(z) = -z**3 - 3*z**2 - 3*z - 3. Suppose -18*u + 1036 = 4510. Let s = u - -190. Give x(s).
6
Let v(w) = 3*w**2 - 281*w - 568. Let f be v(-2). Let q(l) = 4*l**2 - 23*l + 2. Determine q(f).
8
Let p(h) = h**2 + 5. Let w be (2 - 1)*6/6 + 44. Suppose -w = -5*m + 5*a, -m + 17 = -4*a - 4. Suppose m*v = 8*v - 12. Determine p(v).
21
Suppose 80 = 8*z + 12*z. Let n(f) = -4*f**2 + 6*f**2 + z*f - f**2 + 4*f - 13. Calculate n(-9).
-4
Let m(j) = -132*j**3 + 25*j**2 + 8. Let w(l) = 317*l**3 - 63*l**2 - 20. Let p(i) = -12*m(i) - 5*w(i). Give p(15).
4
Let j be (4/(-3))/4 - (-195)/(-9). Let i = j - -25. Let z(f) = 0*f**i - 2*f**2 - 2*f + 1 - 1 + f**3 + 1. Calculate z(2).
-3
Let d(p) be the first derivative of 6*p - 18 - 1/2*p**2. Let i(s) = 4*s - 29. Let g(j) = -11*d(j) - 2*i(j). Calculate g(7).
13
Suppose -r = 21 - 178. Let f(o) = r - o**2 + o - o - 3*o - 155. Determine f(-3).
2
Let k(i) = -i**2 - i - 1. Let h(j) = 2*j**3 + 2*j**2 - 1. Let t be h(1). Suppose t*f - 14 = f. Suppose -f + 0 = 7*p. Give k(p).
-1
Let t(h) = -2*h**3 + 27*h**2 - 7*h - 1. Let p(a) = 32*a**2 + 741*a + 128. Let j be p(-23). Calculate t(j).
77
Let w(y) = -23*y**3 - 16*y**2 + 3*y - 32. Let p(z) = -27*z**3 - 17*z**2 + 2*z - 36. Let q(l) = -6*p(l) + 7*w(l). Give q(7).
-92
Let y(b) = -4*b + 220. Let l be y(54). Let s(h) = -h**3 + 5*h**2 + 7*h + 1. Let g(f) = -f**3 + 6*f**2 + 8*f + 1. Let n(j) = 2*g(j) - 3*s(j). Determine n(l).
-5
Let b be ((-55)/(-22))/((4/(-72))/((-6)/(-45))). Let d(t) = t - 1 + 2 + 2. Determine d(b).
-3
Let v(w) be the second derivative of -w**4/6 + 29*w**3/2 + 27*w**2/2 + 12127*w. Give v(44).
-17
Let f(a) = -27 - 541*a - 8*a**2 + 547*a - 2*a**2 - a**2 - a**3. Determine f(-12).
45
Let d(b) be the third derivative of 5*b**4/24 + 17*b**3/6 - 1782*b**2. Give d(-5).
-8
Let w(n) = 21*n**2 + 18*n + 122. Let l(z) = 2*z**2 + 2*z + 12. Let d(j) = 41*l(j) - 4*w(j). Let p = 15 + -10. Give d(p).
4
Let k(s) = -3*s. Suppose 2*v - 8 = 0, 4*o - v + 4 + 0 = 0. Let h be k(o). Let l(t) be the third derivative of t**4/24 - 4*t**3/3 - 7*t**2. Calculate l(h).
-8
Let d(o) be the second derivative of o**4/12 + 4*o**3/3 + 2*o**2 - 37898*o. Let z be -8 - (0 - -1 - 1). Calculate d(z).
4
Let s(g) = -7*g**3 - g**2 - 3*g + 6. Let x(w) = -26*w**3 - 5*w**2 - 12*w + 24. Let h(d) = 11*s(d) - 3*x(d). Calculate h(-4).
-18
Suppose -4*k - 5*q = -7, k + 17 = 308*q - 303*q. Let m(s) = -2 - 5*s + s - 4*s**2 + s - 2*s**3. Give m(k).
4
Let p(l) be the third derivative of -l**4/12 - l**3/6 - l**2. Let j = -118 - -122. Suppose 15*q - j = 17*q - 4*i, 2*q = -3*i - 11. Determine p(q).
7
Let n(j) be the second derivative of -2 + 10*j + 0*j**3 + 1/2*j**2 - 5/6*j**4. Give n(-1).
-9
Let k be ((-72)/108)/(2/(-6)). Let n(i) be the first derivative of i + 1/3*i**3 + 5 + 1/2*i**k. Give n(4).
21
Suppose 12*i + 11897 = 11993. Let p(b) = b**3 - 7*b**2 - 4*b - 17. Determine p(i).
15
Let q(d) = d**3 - 5*d**2 - d - 10. Suppose 12*o + 8 = 4*x + 6*o, -5*x + 19 = -3*o. Give q(x).
-15
Let n(c) = -6 + 99*c**2 + 8*c - 105*c**2 + 3*c - 9*c. What is n(2)?
-26
Suppose 4*a + 2*p = 398, 0 = -3*a - 5*p + 3*p + 298. Let i = 102 - a. Let n(t) = 9*t. Determine n(i).
18
Let v(c) = c**2 - 8*c - 3. Let x be v(8). Let r(y) = 36*y - 25. Let q(j) = 14*j - 12. Let b(f) = -5*q(f) + 2*r(f). Calculate b(x).
4
Let l(a) = 3*a**2 - 7*a - 2. Let n = 4112 + -4108. What is l(n)?
18
Let p(a) = -1. Let o(g) = -2*g + 1. Let x be ((-2)/6)/((-1)/3). Let z(r) = x*o(r) - 4*p(r). Suppose 0 = 496*l + 58 - 2538. What is z(l)?
-5
Let p(w) = 31*w**3 - w**2 + 1. Let i be p(1). Suppose -619 - 676 = 35*h. Let d = h + i. Let t(q) = q**2 + 9*q + 5. What is t(d)?
-13
Let i(b) = 1936 + 1968 - 3889 - 6*b. Determine i(3).
-3
Let y = -7 + 9. Let l(s) be the first derivative of -3/2*s**2 - 25 + 3*s - 1/3*s**3. Determine l(y).
-7
Let o be ((-5)/(-3))/(10/12). Let b be (o - 0)/(-3 - -5). Let g(y) = -6*y + b + 39*y**2 - 26*y**2 + 4*y. What is g(1)?
12
Let w = 25 + -16. Let g(c) = -c**